r when 27090292 is divided by 250836?
4
What is the remainder when 780068 is divided by 641?
612
What is the remainder when 45120 is divided by 4024?
856
Calculate the remainder when 37479 is divided by 36927.
552
Calculate the remainder when 41785 is divided by 3632.
1833
Calculate the remainder when 43649 is divided by 3620.
209
Calculate the remainder when 2252590 is divided by 112623.
130
Calculate the remainder when 24406946 is divided by 1592.
1586
What is the remainder when 7326850 is divided by 154?
146
Calculate the remainder when 6187956 is divided by 245.
236
Calculate the remainder when 19887316 is divided by 99.
97
Calculate the remainder when 93250 is divided by 228.
226
What is the remainder when 7585910 is divided by 63747?
17
Calculate the remainder when 12025126 is divided by 71.
69
What is the remainder when 47283134 is divided by 5516?
5498
Calculate the remainder when 80561 is divided by 215.
151
Calculate the remainder when 38557192 is divided by 3036.
3028
Calculate the remainder when 14466500 is divided by 7233241.
18
What is the remainder when 113817 is divided by 18744?
1353
Calculate the remainder when 14977832 is divided by 4992609.
5
What is the remainder when 446965 is divided by 370?
5
What is the remainder when 6601693 is divided by 2200540?
73
Calculate the remainder when 681002 is divided by 67.
14
Calculate the remainder when 1344940 is divided by 373.
275
What is the remainder when 936041 is divided by 6282?
23
Calculate the remainder when 6472 is divided by 1792.
1096
What is the remainder when 45268366 is divided by 1658?
1650
What is the remainder when 18617321 is divided by 224?
9
What is the remainder when 324297 is divided by 1060?
997
What is the remainder when 104746 is divided by 258?
256
Calculate the remainder when 224530491 is divided by 298.
7
Calculate the remainder when 1501072 is divided by 45487.
1
Calculate the remainder when 487188 is divided by 243161.
866
Calculate the remainder when 1172770 is divided by 2696.
10
Calculate the remainder when 36360027 is divided by 12120.
27
Calculate the remainder when 52633353 is divided by 6579166.
25
Calculate the remainder when 10506473 is divided by 1443.
1433
Calculate the remainder when 9282657 is divided by 98.
97
What is the remainder when 418580 is divided by 208218?
2144
What is the remainder when 1069236 is divided by 25?
11
What is the remainder when 39826553 is divided by 2674?
2671
Calculate the remainder when 89956167 is divided by 37.
28
Calculate the remainder when 53398437 is divided by 1620.
1617
Calculate the remainder when 13868004 is divided by 14209.
20
Calculate the remainder when 224032691 is divided by 12.
11
Calculate the remainder when 519288 is divided by 43274.
0
Calculate the remainder when 5617388 is divided by 2808613.
162
What is the remainder when 2540645 is divided by 67?
5
Calculate the remainder when 394288 is divided by 131427.
7
Calculate the remainder when 6349190 is divided by 24.
14
What is the remainder when 59310 is divided by 4064?
2414
What is the remainder when 13671431 is divided by 3689?
3686
What is the remainder when 9467521 is divided by 1443?
1441
What is the remainder when 55217225 is divided by 13804298?
33
What is the remainder when 12731 is divided by 3963?
842
What is the remainder when 19378133 is divided by 3461?
3455
Calculate the remainder when 1419241 is divided by 111.
106
Calculate the remainder when 32483016 is divided by 154681.
6
Calculate the remainder when 7106471 is divided by 157921.
26
Calculate the remainder when 139559 is divided by 46504.
47
Calculate the remainder when 70874011 is divided by 21.
19
Calculate the remainder when 34529 is divided by 2630.
339
Calculate the remainder when 905337 is divided by 2044.
1889
What is the remainder when 3652822 is divided by 1257?
1237
What is the remainder when 19629949 is divided by 45?
4
What is the remainder when 1314830 is divided by 328705?
10
What is the remainder when 7414 is divided by 1814?
158
What is the remainder when 138138992 is divided by 27?
26
Calculate the remainder when 2483955 is divided by 445.
410
Calculate the remainder when 56611 is divided by 927.
64
Calculate the remainder when 4541712 is divided by 31.
26
What is the remainder when 1411489 is divided by 25660?
189
What is the remainder when 736 is divided by 147?
1
What is the remainder when 1321248 is divided by 250?
248
Calculate the remainder when 257981 is divided by 128944.
93
What is the remainder when 5064065 is divided by 357?
20
Calculate the remainder when 17025033 is divided by 8512455.
123
What is the remainder when 45216750 is divided by 655315?
15
Calculate the remainder when 294421 is divided by 98061.
238
Calculate the remainder when 21073 is divided by 10530.
13
What is the remainder when 71223 is divided by 5772?
1959
What is the remainder when 43201279 is divided by 160?
159
What is the remainder when 27810 is divided by 3079?
99
Calculate the remainder when 797438 is divided by 88595.
83
What is the remainder when 24798 is divided by 12336?
126
Calculate the remainder when 132764 is divided by 824.
100
What is the remainder when 22791 is divided by 5540?
631
What is the remainder when 112095 is divided by 284?
199
What is the remainder when 334742674 is divided by 398?
396
What is the remainder when 427088 is divided by 358?
352
Calculate the remainder when 48237411 is divided by 231.
222
What is the remainder when 2696215 is divided by 79?
24
Calculate the remainder when 174959 is divided by 343.
29
What is the remainder when 322038 is divided by 8473?
64
What is the remainder when 44491 is divided by 1908?
607
What is the remainder when 65730 is divided by 10936?
114
Calculate the remainder when 56531 is divided by 449.
406
Calculate the remainder when 398869 is divided by 7680.
7189
Calculate the remainder when 7068239 is divided by 360.
359
Calculate the remainder when 294679 is divided by 24550.
79
What is the remainder when 823237412 is divided by 455?
452
Calculate the remainder when 110357 is divided by 12254.
71
What is the remainder when 3407758 is divided by 11064?
46
What is the remainder when 5433 is divided by 980?
533
What is the remainder when 7358394 is divided by 343?
15
What is the remainder when 3038017 is divided by 839?
837
Calculate the remainder when 725016 is divided by 32.
24
What is the remainder when 42850595 is divided by 520?
515
Calculate the remainder when 3922805 is divided by 3922757.
48
Calculate the remainder when 12439 is divided by 5783.
873
What is the remainder when 91718753 is divided by 685?
678
Calculate the remainder when 4824061 is divided by 964799.
66
What is the remainder when 411665 is divided by 6?
5
Calculate the remainder when 534521613 is divided by 68.
65
What is the remainder when 551431 is divided by 551420?
11
Calculate the remainder when 395664 is divided by 8990.
104
What is the remainder when 3568643 is divided by 2952?
2627
Calculate the remainder when 211279 is divided by 12.
7
What is the remainder when 636399 is divided by 350?
99
What is the remainder when 41760092 is divided by 122?
102
What is the remainder when 161461 is divided by 160804?
657
What is the remainder when 426710649 is divided by 12?
9
What is the remainder when 111909334 is divided by 844?
842
What is the remainder when 934814 is divided by 3994?
218
Calculate the remainder when 4107556 is divided by 10.
6
Calculate the remainder when 112632 is divided by 10099.
1543
What is the remainder when 491919 is divided by 438?
45
Calculate the remainder when 215481 is divided by 17900.
681
What is the remainder when 5683276 is divided by 193?
5
Calculate the remainder when 5078272 is divided by 2766.
2662
What is the remainder when 467105 is divided by 1029?
968
What is the remainder when 975854 is divided by 119?
54
Calculate the remainder when 4276453 is divided by 984.
973
What is the remainder when 17458172 is divided by 16?
12
Calculate the remainder when 40574176 is divided by 5134.
174
Calculate the remainder when 878505 is divided by 109768.
361
What is the remainder when 761868 is divided by 23080?
228
Calculate the remainder when 2862373 is divided by 477056.
37
Calculate the remainder when 21220265 i